-438. Suppose 0 = 89*c - 76*c - 403. What is the remainder when x is divided by c?
28
Suppose -s - 3*d = -103, -3*d = 4*s - 152 - 260. Calculate the remainder when s is divided by (-2)/((12/(-26))/3).
12
Let p be ((-26)/6)/((-6)/18). Let i = p + -12. Suppose 0 = 2*w - i - 17. Calculate the remainder when 26 is divided by w.
8
Let a(m) = -m**3 - 24*m**2 + 21*m - 45. What is the remainder when 821 is divided by a(-25)?
51
Let q(x) = x**3 + 10*x**2 + 14*x - 3. What is the remainder when q(5) is divided by 138?
28
Let i(a) = a**2 - 37*a + 17. What is the remainder when 372 is divided by i(37)?
15
Suppose 0 = 2*w - 5*j + 6*j - 94, -5*w = 5*j - 225. Suppose -130 + 10 = 4*d. Let g = d + w. What is the remainder when 54 is divided by g?
16
Let i(f) = -33*f - 209. Calculate the remainder when 635 is divided by i(-7).
19
Let a(h) = 25*h - 7. Let l(f) = f - 13. Let k be l(15). What is the remainder when a(k) is divided by 11?
10
Suppose -2*j + 9 = 5. Suppose -i = -6*i + 5*l + 80, 0 = 3*i - j*l - 49. Let m = -66 - -114. Calculate the remainder when m is divided by i.
14
Suppose -50*n = -4*f - 51*n + 140, -f = n - 32. Suppose -z - 138 = -3*z. What is the remainder when z is divided by f?
33
Let g = -543 + 790. Suppose 2*h + y = g, 4*h = -0*h + y + 503. What is the remainder when h is divided by 32?
29
Suppose 11358*i = 11354*i + 68. Calculate the remainder when 926/8 + 2/8 is divided by i.
14
Let h = -107 - -40. Let w = -41 - h. What is the remainder when w is divided by 18?
8
Let q(t) = -2*t**2 + 12*t - 4. Let u(i) = 2*i**2 - 11*i + 3. Let l(g) = 4*q(g) + 5*u(g). What is the remainder when 26 is divided by l(5)?
12
Suppose 4*n = 12, -2*l + 3*n + 153 + 218 = 0. What is the remainder when l is divided by 18?
10
Let m(a) = a**2 - 36*a + 55. Calculate the remainder when 196 is divided by m(35).
16
Suppose 2*y - 6 = 2. Suppose -5*j + 18 = -y*j. What is the remainder when j is divided by 11?
7
Suppose -5*q - 18 + 23 = 0. Suppose -2*c + 29 + q = 0. Calculate the remainder when 89 is divided by c.
14
Let a = 1271 + -622. Calculate the remainder when a is divided by 26.
25
Let r be 1*-1 - (6 + 5)*-5. Suppose -5*t + 179 = r. Calculate the remainder when t is divided by 22.
3
Let t be 954/(-45) + (-8)/10. What is the remainder when 121 is divided by (1 - 2)/(t/902)?
39
Calculate the remainder when (-25)/(-15) - 1955/(-15) is divided by 53.
26
Suppose -4*l - 16 = -120. Calculate the remainder when l is divided by (6 + 3)/(-117) - (4 + 720/(-65)).
5
Suppose 0 = 2*h + 2*f - 52, -3*h = 2*h - f - 130. Calculate the remainder when 51 is divided by h.
25
Let f(y) = -4*y + 4*y - 4*y + 23 - 7. Calculate the remainder when 816/27 - 2/9 is divided by f(2).
6
Let a be ((-12)/16)/((-3)/8). Let l(r) = 8*r - 4 + a*r + 0*r - r**2. Calculate the remainder when 39 is divided by l(4).
19
Calculate the remainder when 99 + 8 + (-15)/3 is divided by 27.
21
Let z(n) = -2*n - 2*n - 23*n**2 + 24*n**2. Let g be z(8). Suppose -40 = -36*v + g*v. Calculate the remainder when v is divided by 3.
1
Let y(a) = a**3 + 10*a**2 - 5*a + 10. Let d be y(-10). Let b = d - 50. Calculate the remainder when b is divided by 3.
1
Suppose -n = 2*n - 9. Suppose -n*p = 2*i - 27, -p + i = -2 - 2. Suppose l + 66 = p*l. Calculate the remainder when 20 is divided by l.
9
Calculate the remainder when 10 is divided by 475/76 + (-2)/8.
4
Let m(b) = b**3 - 3*b**2 + 3*b - 2. Suppose -5*p = 3*q - 3*p - 5, 0 = -3*q + 3*p + 15. Calculate the remainder when m(q) is divided by 1.
0
Let k = -125 - -120. Let v = 11 - k. What is the remainder when 57 is divided by v?
9
Calculate the remainder when 518 is divided by 7614/405 - (-6)/5.
18
Let a(z) = -z**2 - 2*z + 124. Let q = -168 + 182. What is the remainder when a(0) is divided by q?
12
Let u be 18*-2*4/(-6). Let b = -16 + u. Suppose -5*s + 5 = 2*p, 70 = -0*p + 5*p + s. Calculate the remainder when p is divided by b.
7
Suppose x + 3*g = 4, 3*g - 3 = -4*x + 13. Suppose -2*z - 221 = 5*w, -w + 2*z = 2*w + 139. What is the remainder when x is divided by w/(-12) + (-12)/16?
1
Suppose k - 58 = -2*u - 43, -10 = -u + 2*k. What is the remainder when 39 is divided by u?
7
Suppose m - 4*q + 9 - 33 = 0, 0 = -4*m + 4*q + 60. Calculate the remainder when m is divided by 7.
5
Suppose -249*q + 243 = -240*q. What is the remainder when q is divided by 4*(1 + (-6)/(-4))?
7
Suppose -4*g + 152 = 2*y, -6*g = -11*g + 5*y + 160. Let k(x) = x**2 + 5*x - 14. Calculate the remainder when g is divided by k(3).
6
Suppose -137 = -5*g + 2*w, 4*w + 1 = g - 12. What is the remainder when 115 is divided by g?
28
Let y(i) = -i**3 + 20*i**2 - 13*i + 52. Calculate the remainder when y(19) is divided by 34.
30
Let c(w) = -3*w**2 + 6*w - 1. Let i(v) = v**2 - v - 1. Let q(r) = -c(r) - 2*i(r). Suppose -3*s = -50 + 35. Calculate the remainder when 31 is divided by q(s).
7
Let m = 15 - 12. What is the remainder when 31 is divided by ((-96)/(-40))/(m/20)?
15
Let a = -20 - -42. Suppose 0 = -g + 10 + a. What is the remainder when (g - 2/(-2)) + -1 is divided by 18?
14
Suppose -5*d - 2*u = -65, -5*d + 50 = -3*u - 15. Suppose d*n - 275 = -12*n. Calculate the remainder when 64/3 - (-2)/(-6) is divided by n.
10
Suppose 10*i - 523 = 137. Calculate the remainder when i is divided by 63.
3
What is the remainder when 100 is divided by 1220/45 - 6/54?
19
Let i(z) = 3*z - 21. Let n be i(8). Suppose -5*m + 4*a + n = 0, -3*a + 12 = -m + 2*a. What is the remainder when 13 is divided by m?
1
Calculate the remainder when 3/18*0 - -145 is divided by 37.
34
Let a = 5 - -6. What is the remainder when -3 + (-41)/(-13) + -3*1244/(-78) is divided by a?
4
Suppose 0 = -3*b - 15, 8*m + 2*b - 10 = 3*m. Suppose o = -m*o + 350. Calculate the remainder when -3*(-4 - o/6) is divided by 16.
15
Calculate the remainder when 275 + (-9 + 1)*1 is divided by 18.
15
Suppose -15*o - 40 = -20*o + 5*b, -2*o - 2*b = -32. What is the remainder when 273 is divided by o?
9
Suppose -5*a + 97 + 12 = 4*n, 3*n - 83 = -4*a. Let m(w) = -2*w + 5. Let y be m(8). Calculate the remainder when n is divided by (y/4)/(4/(-16)).
10
Suppose 0 = -13*b + 19*b - 378. What is the remainder when b is divided by (4/(-4) - -9) + 0?
7
Calculate the remainder when 211 is divided by 651/15 + (36/(-15))/(-4).
35
Let s(x) = -2*x - 24. Let k be s(-16). Let v(t) = -11*t - 3. Let y be v(-9). Suppose -2*l + y = k. Calculate the remainder when l is divided by 15.
14
Let t(q) = -q**3 - 4*q**2 + 3*q - 8. Let k be t(-5). Let g(f) = 3*f**3 - 4*f**2 + 3*f. Calculate the remainder when 54 is divided by g(k).
12
Suppose -231 = 2*t - 1135. Calculate the remainder when t is divided by 65.
62
Let k(x) = -x**2 + 37*x + 4. Calculate the remainder when k(33) is divided by 20.
16
Let z(a) = -a**3 - 4*a**2 - 4*a - 3. Suppose 4 = o - 6*g + 2*g, -18 = 2*o + 5*g. Let r = 27 + -5. What is the remainder when r is divided by z(o)?
9
Let s(t) = -6*t**3 + 67*t**2 + 16*t - 29. What is the remainder when s(11) is divided by 257?
11
Suppose -15*r + 8*r = -49. Suppose 5*a - 36 = a. Suppose a = 2*j + 1. Calculate the remainder when r is divided by j.
3
Let b be 2 - 0/3 - -1. Let c be (b*-2)/(-3) - 2. Calculate the remainder when 11 is divided by 6/18*(9 - c).
2
Suppose -5 = -5*k + 3*o + 406, 3*o - 9 = 0. Let b = k + -30. What is the remainder when b is divided by 29?
25
Let o = -162 + 207. What is the remainder when 267 is divided by o?
42
Let c(o) = -6*o**3 - o**2 + 9*o + 17. Calculate the remainder when c(-4) is divided by 70.
69
Let g(v) = -v**2 - v + 29. Let z(f) = f**2 + 13*f + 4. Let w be z(-14). Suppose 82 - w = 4*x. Calculate the remainder when g(0) is divided by x.
13
Suppose -8*i + 504 = 16*i. Calculate the remainder when 35 is divided by i.
14
Suppose -2*b + 20 = -4. Calculate the remainder when 25 - -7 - (1*-3 + 1) is divided by b.
10
Suppose 5*r - 21 = 79. Calculate the remainder when r is divided by (14/(-16))/(-7) + 658/112.
2
Suppose 2*o - 106 = 4*x, x - 170 = -4*o + 69. Let d be -1*106 - -2 - (4 + -1). Let p = 122 + d. What is the remainder when o is divided by p?
14
Let w be 21/1*(0 - -1). Let x = w + -9. What is the remainder when 2 + 419/13 - 2829/12259 is divided by x?
10
Let a(b) = 2*b + 8. Let c be a(-3). Suppose -z + 4 = u, 12 = u + c*u - 4*z. What is the remainder when 26 is divided by 12 + 15/20*